 = -195. Suppose 708 = 17*c - 278. Let o = r + c. Let h(d) = -d - 4. Calculate h(o).
3
Let m(l) = -l**2 + 9*l - 6. Let q(p) = p**3 + 43*p**2 - 49*p - 209. Let u be q(-44). Suppose -5*s - u = -2*c - 4*s, -4*c + 47 = 3*s. Calculate m(c).
2
Let g(j) = 789 + 799 - 2377 + 798 - j. Calculate g(8).
1
Let k(m) = m**3 + 2*m**2 - m. Let s = -80 + 83. Let a be 8/s + 7/21. Suppose p + 5 - a = 0. Give k(p).
2
Suppose 0 = -29*g + 69*g + 440. Let d(s) = s**3 + 11*s**2 + 4*s + 15. Determine d(g).
-29
Let k = -58 + 66. Let y(c) = -42 + 89 - k*c - 48. Give y(1).
-9
Let x(g) = -14*g + 3. Let m(v) = 31*v - 6. Let s(w) = 2*m(w) + 5*x(w). Let n = -18 + 12. Let i(c) = c + 8. Let a be i(n). What is s(a)?
-13
Let x(m) be the third derivative of m**5/60 + 3*m**4/4 + 7*m**3/2 + 452*m**2. Give x(-17).
4
Let x(v) be the first derivative of v**3/3 - 35*v**2/2 - 149*v + 5962. Determine x(-4).
7
Let l(i) be the first derivative of 2*i**3/3 + 2*i**2 - 1433. Calculate l(-1).
-2
Let g(p) be the first derivative of p**5/20 - p**4/2 + p**3/6 - p**2 + 62*p + 128. Let s(n) be the first derivative of g(n). Give s(6).
4
Let x(j) = 13*j**2 - 23*j + 15. Let w(l) = 24*l**2 - 44*l + 30. Let a(f) = 6*w(f) - 11*x(f). Determine a(10).
5
Let f(p) = p**3 - 20*p**2 + 2*p - 46. Suppose 227*j - 3676 - 2117 = -1253. Determine f(j).
-6
Let t(n) be the third derivative of -n**5/60 - n**4/8 + n**3/3 + 14*n**2. Let q be t(-2). Let p(s) = -2 - q + 6*s + 3*s - 3*s - 6*s**2 + s**3. Determine p(5).
-1
Let n(l) = -21*l**3 + l**2 - l - 1. Suppose -2*y = -13*k - 28 + 104, 2*y - 14 = -2*k. What is n(y)?
-22
Let c be 2/(-3) - 8/(-3). Suppose 0 = -s + 5*s - 8. Let p(b) = -1 - s + 26*b - 21*b. Calculate p(c).
7
Let r(l) = -245*l - 738. Let a be r(-3). Let i(f) = 3*f**2 - 5. Determine i(a).
22
Let w(k) = -1 + k**3 - 5659808*k + 5659808*k - 6*k**2. Give w(4).
-33
Let x(m) = 7*m**3 - 10*m**2 + 7*m - 10. Let o(z) = 921*z**2 - 458*z**2 - 4*z + 5 - 3*z**3 - 458*z**2. Let h(w) = -5*o(w) - 2*x(w). What is h(3)?
-5
Let t(s) = s**3 + s**2 + s - 7. Let q(a) = 16 + 3*a**3 - 8*a**2 + 3*a - 2*a**3 + 12*a**2 - 5*a. Let l be q(-5). Let r be (-1)/(-4) + l/(-4). Calculate t(r).
-7
Let a(f) = f**2 - 4*f + 3. Suppose -2*k + 2*s + 16 = 0, -k = -0*k - 4*s - 20. Let w be (-1 - 0)*k - (-11 - -12). Let v be 1/((-1)/1)*w. Determine a(v).
8
Let z(l) = 2*l**3 - 31*l**2 + 22*l + 17. Let d(q) = -q**3 + 16*q**2 - 12*q - 8. Let b(h) = -11*d(h) - 6*z(h). Calculate b(10).
-14
Let x(q) = 3*q + 2*q**3 - 20 - 13 + 10 - 5*q + 14*q**2. Give x(-7).
-9
Suppose 51 = -4*t + t. Let h(l) = l**3 - 10*l**2 + 19*l + 9. Let r be h(6). Let q = t - r. Let d(b) = b**2 - 3*b - 5. Give d(q).
-1
Suppose 6 = l + 4*n, 11 = 4*l + 2*n + 1. Let d(p) = 0 - l - 4 - p. Suppose 2*x = -3*q + 15 - 45, 0 = -8*x + 5*q - 18. Give d(x).
0
Let v(j) = 7*j + 3. Let o(t) = -27*t - 52. Let y(p) = 18*p + 37. Let m(s) = -5*o(s) - 7*y(s). Let r(z) = 3*m(z) - 4*v(z). Calculate r(-14).
5
Suppose -2*z = -3*q + q - 6, -4*q = -z + 3. Suppose -6*p + 7*p - 5*y = -16, 0 = -z*p + 2*y + 4. Let b(i) = -i + 5. Determine b(p).
1
Let q(w) be the third derivative of -3/8*w**4 + 4*w**2 + 1 - 1/6*w**3 + 0*w. Let v be 3*(-3 - (-4 - -2)). Give q(v).
26
Let u(f) = -72*f**2 - 5*f - 24. Let r(o) = 41*o**2 + 2*o + 14. Let d(p) = 7*r(p) + 4*u(p). Determine d(-8).
-14
Let o(s) be the second derivative of s**6/240 - s**5/40 + 5*s**4/3 + 2*s + 79. Let z(w) be the third derivative of o(w). Calculate z(-3).
-12
Let m(x) = -22*x - x**3 - 98 + 72 + x - 49 - 6*x**2. Calculate m(-5).
5
Let v(c) = -c - 5. Let f(d) be the second derivative of -3*d**3 - 9*d**2 + 6*d + 11. Let g be f(-1). Give v(g).
-5
Suppose 3*v + 4573*i + 1 = 4577*i, 4*v = 5*i - 1. Suppose -5*r = o - 6 - 1, 2*o + 6 = 0. Let g(h) = -4*h**2 + 1 + 4*h**2 + 2*h**r. Give g(v).
3
Let r(o) be the second derivative of 0 - 2*o + o**3 + 2*o**2 + 1/20*o**5 - 2/3*o**4. Let d = -14772 + 14779. Give r(d).
-3
Let k(u) = u**3 + u**2 - u + 2. Let i = 332 + -329. Suppose i*t + 8*x - 6*x = -10, -5*t = 2*x + 14. Calculate k(t).
0
Suppose s + 111 = 125. Let g(b) = 2 - s + 11 - 7*b + 3*b. What is g(3)?
-13
Let y(z) = 2991*z - 2969*z - z**2 - 16 + z**2 - 2*z**2 + 28. What is y(12)?
-12
Let g(o) = -o**2 + o + 9. Suppose -5*l + 125 + 155 = -5*v, -5*v = 3*l + 256. Suppose 4*w - 131 = 24*w + 929. Let x = w - v. Calculate g(x).
9
Let m(w) = -w**2 + w - 30. Let k(t) = -5*t**2 + 5*t - 121. Let v(a) = -2*k(a) + 9*m(a). Suppose 0 = 186*n - 362*n. Give v(n).
-28
Let i(f) = -17*f**3 + 16*f**3 - 1 - 11*f + 13 - 13*f**2 + 2. Let y be i(-12). Let v(b) = -2*b**3 + 6*b**y - 3*b - 2 + b**3 + 3*b - 2*b. Determine v(5).
13
Let z(u) = -34*u - 13. Let y(q) = 94*q + 37. Let k(j) = 3*y(j) + 8*z(j). What is k(-1)?
-3
Let g(y) be the first derivative of -56 + y**2 + 238*y - 11 - 220*y. Give g(-10).
-2
Suppose 165 = 7*l - 2*l. Let f be -3 + (l + -28)*2/(-10). Let k(j) = j - 1 + 1 - 2. Calculate k(f).
-6
Let l be (-40 - (-10186)/264) + 6/4. Let x(s) be the second derivative of 1/2*s**3 - 13*s - 3/2*s**2 - l*s**4 + 0. Calculate x(2).
-1
Let q(i) = i**3 + 6*i**2 - 4*i - 8. Suppose 5*w = 2*r - 0 - 15, 5 = 4*w - 5*r. Let g be -32*(-1)/w + 3/(-5). Give q(g).
-29
Let t(y) = -y**2 + 8*y - 10. Let n = -279 - -635. Suppose 9*b = 283 + n. Suppose 66*m = b*m - 40. Calculate t(m).
-10
Let f(k) = k**2 + 16*k + 51. Let a be f(-4). Let u(n) = 130*n - 13 - 70*n - 71*n + a*n**2 - 2*n**2. Calculate u(11).
-13
Suppose -4*f - 50 = -3*n, -38 = -3*n - 2*f - 0. Let a be 4/(-10)*(-1 - n). Let l = a - 5. Let i(x) = x**2 - x + 1. What is i(l)?
1
Let z(d) = 5*d - 93. Let i be z(19). Let c = -3 - -5. Suppose -c*h = -2*g - i, 6 = 4*h - 4*g + 2*g. Let b(t) = 2*t**3 - t**2 - 2*t + 2. Give b(h).
10
Let d(o) = 9*o**3 - 9*o**2 + 10*o - 22. Let b(j) = -11*j**3 + 8*j**2 - 12*j + 21. Let a(g) = 4*b(g) + 5*d(g). What is a(13)?
0
Let g(k) = k**2 + 9*k + 13. Suppose 5*s - p = 177, 114 = 6*s - 3*s + 2*p. Suppose -10*y + 13*y + 3*t = -s, 0 = -3*y - 4*t - 39. Calculate g(y).
13
Let u(k) = -3*k**3 - 3*k**2 - 16*k - 32. Let l be u(-2). Let w(g) = g**2 + 11*g + 1 - 42*g + l*g + 15*g + 3. Calculate w(5).
9
Let f(x) = x**2 - 2*x + 4. Let v(u) = u**2 - 2*u + 3. Let m(g) = 23*g - 46. Let j be m(2). Let k be v(j). Give f(k).
7
Let y = 10642 + -10640. Let i(u) be the first derivative of u - u**y - 7/3*u**3 + 20. What is i(1)?
-8
Let s(w) = 8*w - 2*w - 2*w**2 - 11*w - 3*w. Let f = -13 + 7. Calculate s(f).
-24
Let c = -10 + 5. Let o(y) be the second derivative of -y**3/3 - y**2 + 974*y. Give o(c).
8
Let r(q) be the second derivative of -q**4/6 + q**3/2 + 3*q**2 - 365*q. What is r(3)?
-3
Let y(t) = t**3 + 2*t**2 - 3*t + 3. Let k = -308 - -331. Suppose -k = a + 4*u, -4*a + 4*u - 2 = -10. Calculate y(a).
3
Let h(x) = 7*x**2 + 2*x**2 + x - 4*x**2 + 11 + 2*x**2. Let f(i) = 6*i**2 + 2*i + 10. Let j(n) = 6*f(n) - 5*h(n). Let v = 4085 - 4090. What is j(v)?
-5
Let u be (2719 - 2723) + (-1 - -1 - -19). Let y(s) = 5*s - 69. Calculate y(u).
6
Let i(d) = -372 + 285 + 19*d + 40. Give i(2).
-9
Let c(a) be the third derivative of 0*a + 0 + 3/40*a**5 + 0*a**3 - 47*a**2 + 1/360*a**6 - 17/12*a**4. Let n(k) be the second derivative of c(k). Give n(-6).
-3
Let x(t) = t. Let h(n) = 5*n + 11. Let i(j) = 2*h(j) - 6*x(j). Let f(b) = 3*b + 14. Let l(k) = 7*f(k) - 5*i(k). Determine l(-10).
-22
Suppose 2*v - 11 - 1 = 0. Let s(a) be the second derivative of -a**4/24 + a**3/3 - 67*a**2/2 - 141*a. Let u(i) be the first derivative of s(i). Give u(v).
-4
Let h(j) be the second derivative of -9*j**5/20 + 3*j**2/2 - 337*j + 3. Calculate h(2).
-69
Let y(n) be the third derivative of -n**5/60 + n**4/8 + n**3 + 5*n**2 + 2. Let l(g) = -2*g**2 + 5*g + 12. Let w(k) = -4*l(k) + 7*y(k). What is w(-5)?
14
Let b(p) = 34*p**2 + 0*p + 20806 - 38*p + p**3 - 20901. Determine b(-35).
10
Let c(y) = 2 + y + y + 2*y - 2*y. Let f be (1 + (-293)/5)*(-20)/3. Let l be (-2)/5 + (f/20)/8. What is c(l)?
6
Let u(x) be the third derivative of 0 + 2/3*x**3 + 0*x - 1/120*x**6 - 1/10*x**5 + 16*x**2 + 7/24*x**4. Calculate u(-7).
4
Let q(o) be the third derivative of 5*o**4/8 + 5*o**3/3 + 390*o**2. Calculate q(0).
10
Suppose -2*r + 2*a - 8 = 0, 108*a = 2*r + 103*a + 29. Let d(b) be the second derivative of -1/12*b**4 - 17*b + 0 + 5/2*b**2 + 4/3*b**r. Give d(6).
17
Let j(x) = -3*x**2 + x + 2. Let o be 6 + 4 + -7 + 3. 